hat is the thousands digit of 51746183?
6
What is the billions digit of 1398972183?
1
What is the hundred thousands digit of 1567146052?
1
What is the tens digit of 3780823516?
1
What is the hundreds digit of 9839673?
6
What is the ten thousands digit of 2142113496?
1
What is the tens digit of 560329827?
2
What is the hundred millions digit of 577191940?
5
What is the thousands digit of 2022602364?
2
What is the thousands digit of 6849170758?
0
What is the hundreds digit of 35404771?
7
What is the thousands digit of 8076896?
6
What is the ten millions digit of 268412724?
6
What is the hundred millions digit of 666394178?
6
What is the millions digit of 35716838?
5
What is the ten thousands digit of 8621448?
2
What is the hundreds digit of 87816803?
8
What is the ten millions digit of 247944020?
4
What is the hundred millions digit of 309392347?
3
What is the hundred thousands digit of 46686165?
6
What is the hundred thousands digit of 54903877?
9
What is the units digit of 35617910?
0
What is the tens digit of 76295958?
5
What is the thousands digit of 119590577?
0
What is the billions digit of 3830159813?
3
What is the tens digit of 20642572?
7
What is the tens digit of 216533136?
3
What is the hundreds digit of 55754543?
5
What is the ten millions digit of 642262112?
4
What is the ten millions digit of 11562843?
1
What is the hundreds digit of 2232014023?
0
What is the units digit of 19337193?
3
What is the hundred millions digit of 681983736?
6
What is the hundred millions digit of 2853489326?
8
What is the ten thousands digit of 477916336?
1
What is the ten thousands digit of 40110783?
1
What is the ten thousands digit of 45295116?
9
What is the hundred thousands digit of 1329295054?
2
What is the thousands digit of 4781994264?
4
What is the tens digit of 31507432?
3
What is the millions digit of 77815397?
7
What is the thousands digit of 506007455?
7
What is the hundreds digit of 664418277?
2
What is the hundreds digit of 5447255?
2
What is the hundred millions digit of 277339184?
2
What is the thousands digit of 85577237?
7
What is the units digit of 4997048801?
1
What is the billions digit of 3703660654?
3
What is the hundreds digit of 154638399?
3
What is the tens digit of 3776131799?
9
What is the hundreds digit of 11747490?
4
What is the millions digit of 104901154?
4
What is the hundreds digit of 9293491?
4
What is the units digit of 1287312934?
4
What is the ten millions digit of 4720143667?
2
What is the units digit of 638658416?
6
What is the ten millions digit of 72129636?
7
What is the hundreds digit of 82918929?
9
What is the ten millions digit of 205075748?
0
What is the millions digit of 1834765437?
4
What is the thousands digit of 513158749?
8
What is the tens digit of 145881854?
5
What is the ten millions digit of 77342365?
7
What is the tens digit of 234702436?
3
What is the hundreds digit of 36543991?
9
What is the units digit of 233903894?
4
What is the units digit of 128499161?
1
What is the hundred thousands digit of 451401577?
4
What is the units digit of 812160308?
8
What is the hundreds digit of 9979069?
0
What is the billions digit of 2795420480?
2
What is the units digit of 96105181?
1
What is the hundreds digit of 52754174?
1
What is the tens digit of 309616122?
2
What is the thousands digit of 19623864?
3
What is the ten thousands digit of 1181246288?
4
What is the ten millions digit of 52507043?
5
What is the hundreds digit of 797899683?
6
What is the ten millions digit of 65856992?
6
What is the units digit of 126776100?
0
What is the hundreds digit of 192780054?
0
What is the hundred millions digit of 2287943578?
2
What is the billions digit of 1703280666?
1
What is the ten millions digit of 1756015773?
5
What is the hundreds digit of 50795257?
2
What is the thousands digit of 545156142?
6
What is the hundred millions digit of 135222592?
1
What is the ten millions digit of 1908927768?
0
What is the tens digit of 108229945?
4
What is the hundreds digit of 330030935?
9
What is the millions digit of 1551460013?
1
What is the ten millions digit of 106853672?
0
What is the millions digit of 165449183?
5
What is the units digit of 14618610?
0
What is the hundreds digit of 25002614?
6
What is the units digit of 477300506?
6
What is the millions digit of 995738993?
5
What is the hundreds digit of 180557457?
4
What is the hundreds digit of 163539694?
6
What is the hundred thousands digit of 4712913884?
9
What is the hundreds digit of 55196983?
9
What is the hundreds digit of 645588004?
0
What is the units digit of 160428855?
5
What is the ten millions digit of 52132900?
5
What is the hundreds digit of 1052343184?
1
What is the thousands digit of 109118199?
8
What is the hundred thousands digit of 306378677?
3
What is the millions digit of 2010345411?
0
What is the units digit of 1188118049?
9
What is the hundreds digit of 1414814979?
9
What is the tens digit of 2912384424?
2
What is the units digit of 1273261936?
6
What is the thousands digit of 11425560?
5
What is the billions digit of 1807137764?
1
What is the hundreds digit of 45277309?
3
What is the ten millions digit of 41767429?
4
What is the tens digit of 556774426?
2
What is the tens digit of 2559084014?
1
What is the tens digit of 7343645?
4
What is the hundreds digit of 320545867?
8
What is the ten millions digit of 20540914?
2
What is the millions digit of 776653166?
6
What is the hundreds digit of 246180972?
9
What is the millions digit of 787521046?
7
What is the tens digit of 787952111?
1
What is the units digit of 64075354?
4
What is the tens digit of 71256022?
2
What is the hundreds digit of 186010811?
8
What is the tens digit of 115426165?
6
What is the hundreds digit of 46253406?
4
What is the hundreds digit of 3404622857?
8
What is the thousands digit of 4299438?
9
What is the ten thousands digit of 39625401?
2
What is the millions digit of 1383880335?
3
What is the ten thousands digit of 685111603?
1
What is the millions digit of 733537937?
3
What is the thousands digit of 76116166?
6
What is the millions digit of 76825078?
6
What is the hundred millions digit of 224628099?
2
What is the thousands digit of 378853023?
3
What is the ten thousands digit of 868855187?
5
What is the ten millions digit of 89259248?
8
What is the thousands digit of 9728080?
8
What is the thousands digit of 1430437765?
7
What is the ten millions digit of 60896537?
6
What is the hundreds digit of 574705930?
9
What is the ten millions digit of 1197480271?
9
What is the ten thousands digit of 579805263?
0
What is the ten millions digit of 222697035?
2
What is the ten thousands digit of 962667790?
6
What is the hundreds digit of 741781365?
3
What is the thousands digit of 31734376?
4
What is the millions digit of 132338228?
2
What is the thousands digit of 93804296?
4
What is the tens digit of 130396376?
7
What is the thousands digit of 202118099?
8
What is the hundred thousands digit of 2390287794?
2
What is the hundred thousands digit of 37506033?
5
What is the units digit of 582260093?
3
What is the ten thousands digit of 78876065?
7
What is the hundreds digit of 561511436?
4
What is the millions digit of 953007657?
3
What is the units digit of 10330374?
4
What is the tens digit of 7999362953?
5
What is the millions digit of 45248588?
5
What is the ten thousands digit of 27263902?
6
What is the tens digit of 804930126?
2
What is the ten thousands digit of 116052443?
5
What is the thousands digit of 72101205?
1
What is the hundreds digit of 1156265719?
7
What is the millions digit of 111888072?
1
What is the hundreds digit of 1278008706?
7
What is the units digit of 181882843?
3
What is the thousands digit of 120283635?
3
What is the thousands digit of 6359349206?
9
What is the tens digit of 2724485?
8
What is the ten thousands digit of 234539406?
3
What is the tens digit of 275467863?
6
What is the millions digit of 455743068?
5
What is the tens digit of 93262370?
7
What is the ten thousands digit of 153198930?
9
What is the units digit of 8949612?
2
What is the ten millions digit of 216069930?
1
What is the tens digit of 169404798?
9
What is the hundreds digit of 6212571?
5
What is the units digit of 65682035?
5
What is the tens digit of 1980795?
9
What is the ten mi